{"id":4124,"date":"2022-10-13T00:31:49","date_gmt":"2022-10-13T00:31:49","guid":{"rendered":"https:\/\/grosse-isle.com\/articles\/"},"modified":"2022-10-13T00:35:59","modified_gmt":"2022-10-13T00:35:59","slug":"articles","status":"publish","type":"page","link":"https:\/\/grosse-isle.com\/fr\/articles\/","title":{"rendered":"Articles"},"content":{"rendered":"<p><strong>Traditional music without borders<br \/>\n<\/strong>F\u00e1sta are a trio of musiciens sans fronti\u00e8res who refuse to let the Atlantic sunder their love of their own and one another\u2019s Irish and Qu\u00e9becois musical traditions.<br \/>\nConnemara piper Fiachra O\u2019Regan and Qu\u00e9becois fiddler and pianist, Sophie Lavoie, return two years after their last fine collection, Rewind.<br \/>\nNow accompanied by Andr\u00e9 Marchand on guitar and foot percussion.<br \/>\nLavoie\u2019s contributions have grown in stature: her tune compositions are lithe and masterful, and her choice of songs is enough to captivate the most casual listener.<br \/>\nMost strikingly, the title tune, Un Canadien Errant bridges the gap between the Canadian rebellion of 1837-38 and today\u2019s horrors of exile, as experienced by refugees and migrants.<br \/>\nIt\u2019s refreshing to hear a traditional band reference the present with such subtlety and finesse.<br \/>\n<em><strong>Siobhan Long, The Irish Times, 25\/08\/ 2016 <\/strong><\/em><a href=\"http:\/\/www.irishtimes.com\/culture\/music\/f%C3%A1sta-un-canadien-errant-review-traditional-music-without-borders-1.2768415%20\" target=\"_blank\" rel=\"noopener\">see source<\/a><\/p>\n<p>Le trio trad F\u00e1sta (un mot ga\u00e9lique qu\u2019on peut traduire par \u00ab mature \u00bb) brille autant par l\u2019intensit\u00e9 de son \u00e9lan musical que par le raffinement de ses arrangements et de ses interpr\u00e9tations. Inspir\u00e9 par les traditions qu\u00e9b\u00e9coise et irlandaise, qu\u2019il fusionne en pr\u00e9servant leurs sp\u00e9cificit\u00e9s, F\u00e1sta fait dans le trad de qualit\u00e9 sup\u00e9rieure. Au violon, au piano, \u00e0 la voix et \u00e0 la composition, Sophie Lavoie, originaire du Lac-Saint-Jean, m\u00e8ne la charge avec brio, entour\u00e9e de son conjoint, l\u2019Irlandais Fiachra O\u2019Regan, ma\u00eetre de la cornemuse irlandaise et du banjo, et du l\u00e9gendaire Andr\u00e9 Marchand, qui caresse la guitare avec une gr\u00e2ce divine. Sur ce deuxi\u00e8me disque de la formation, chansons, valses et reels qu\u00e9b\u00e9cois et irlandais s\u2019encha\u00eenent sans temps mort et avec fluidit\u00e9, offrant une exp\u00e9rience musicale saisissante, qui atteint son paroxysme avec une version magnifique et d\u00e9chirante d\u2019Un Canadien errant, la c\u00e9l\u00e8bre complainte d\u2019Antoine G\u00e9rin-Lajoie.<br \/>\n<em><strong>Louis Cornellier, La Devoir, 15\/01\/2016<\/strong><\/em><\/p>\n<p>F\u00e1sta reprend la chanson Un Canadien errant<br \/>\nLe lancement officiel, pr\u00e9sent\u00e9 par Michel Faubert, aura lieu le 8 janvier 2016 entre 18h et 20h, au CRAPO de Saint-Jean-de-Matha.<br \/>\nLe groupe F\u00e1sta, c\u2019est la rencontre rafra\u00eechissante et attachante entre un pilier de la musique traditionnelle au Qu\u00e9bec, une jeune violoneuse du Lac-Saint-Jean et un Irlandais multi-instrumentiste qui ont fait de leur nouveau port d\u2019attache la municipalit\u00e9 de Saint-Justin.<br \/>\nLes trois membres du groupe, Andr\u00e9 Marchand, Sophie Lavoie et Fiachra O\u2019Regan r\u00e9unissent sur l\u2019album Un Canadien errant des chansons en fran\u00e7ais et en ga\u00e9lique, des morceaux traditionnels irlandais et qu\u00e9b\u00e9cois, et des compositions de Sophie.<br \/>\nLa c\u00e9l\u00e8bre chanson Un Canadien errant, dont plusieurs se rappeleront les versions chant\u00e9es par Nana Mouskouri et Leonard Cohen, est adapt\u00e9e pour la premi\u00e8re fois au style traditionnel par Sophie Lavoie. L\u2019arrangement de la chanson est typiquement \u00e0 la F\u00e1sta. Un Canadien errant est encha\u00een\u00e9e avec le 6\/8 \u201cLe souvenir\u201d, une gigue pleine d\u2019\u00e9motions, que Sophie a compos\u00e9e pour terminer la chanson.<br \/>\nLors du lancement de l\u2019album le 8 janvier prochain, Andr\u00e9, Sophie et Fiachra seront accompagn\u00e9s par Daniel Roy et sa bombarde, ainsi que Michel Faubert qui lancera officiellement l\u2019album. (P.O.G)<br \/>\n<em><strong>L\u2019\u00c9cho de Maskinong\u00e9<\/strong><\/em> <a href=\"http:\/\/www.lechodemaskinonge.com\/section\/2015-12-30\/article-4389490\/Fasta%26nbsp%3Breprend-la-chanson-Un-Canadien-errant%26nbsp%3B\/1\" target=\"_blank\" rel=\"noopener\">see source<\/a><\/p>\n","protected":false},"excerpt":{"rendered":"<p>Traditional music without borders F\u00e1sta are a trio of musiciens sans fronti\u00e8res who refuse to let the Atlantic sunder their love of their own and one another\u2019s Irish and Qu\u00e9becois musical traditions. Connemara piper Fiachra O\u2019Regan and Qu\u00e9becois fiddler and pianist, Sophie Lavoie, return two years after their last fine collection, Rewind. Now accompanied by&#8230;<\/p>\n<p><a rel=\"bookmark\" class=\"theme-button-solid-accent wolf-core-button wolf-core-button-size-sm\" href=\"https:\/\/grosse-isle.com\/fr\/articles\/\"><span>Continue reading<\/span><\/a><\/p>\n","protected":false},"author":1,"featured_media":3716,"parent":0,"menu_order":0,"comment_status":"closed","ping_status":"closed","template":"","meta":[],"_links":{"self":[{"href":"https:\/\/grosse-isle.com\/fr\/wp-json\/wp\/v2\/pages\/4124"}],"collection":[{"href":"https:\/\/grosse-isle.com\/fr\/wp-json\/wp\/v2\/pages"}],"about":[{"href":"https:\/\/grosse-isle.com\/fr\/wp-json\/wp\/v2\/types\/page"}],"author":[{"embeddable":true,"href":"https:\/\/grosse-isle.com\/fr\/wp-json\/wp\/v2\/users\/1"}],"replies":[{"embeddable":true,"href":"https:\/\/grosse-isle.com\/fr\/wp-json\/wp\/v2\/comments?post=4124"}],"version-history":[{"count":1,"href":"https:\/\/grosse-isle.com\/fr\/wp-json\/wp\/v2\/pages\/4124\/revisions"}],"predecessor-version":[{"id":4127,"href":"https:\/\/grosse-isle.com\/fr\/wp-json\/wp\/v2\/pages\/4124\/revisions\/4127"}],"wp:featuredmedia":[{"embeddable":true,"href":"https:\/\/grosse-isle.com\/fr\/wp-json\/wp\/v2\/media\/3716"}],"wp:attachment":[{"href":"https:\/\/grosse-isle.com\/fr\/wp-json\/wp\/v2\/media?parent=4124"}],"curies":[{"name":"wp","href":"https:\/\/api.w.org\/{rel}","templated":true}]}}

<p><strong>Traditional music without borders<br />
</strong>Fásta are a trio of musiciens sans frontières who refuse to let the Atlantic sunder their love of their own and one another’s Irish and Québecois musical traditions.<br />
Connemara piper Fiachra O’Regan and Québecois fiddler and pianist, Sophie Lavoie, return two years after their last fine collection, Rewind.<br />
Now accompanied by André Marchand on guitar and foot percussion.<br />
Lavoie’s contributions have grown in stature: her tune compositions are lithe and masterful, and her choice of songs is enough to captivate the most casual listener.<br />
Most strikingly, the title tune, Un Canadien Errant bridges the gap between the Canadian rebellion of 1837-38 and today’s horrors of exile, as experienced by refugees and migrants.<br />
It’s refreshing to hear a traditional band reference the present with such subtlety and finesse.<br />
<em><strong>Siobhan Long, The Irish Times, 25/08/ 2016 </strong></em><a href="http://www.irishtimes.com/culture/music/f%C3%A1sta-un-canadien-errant-review-traditional-music-without-borders-1.2768415%20" target="_blank" rel="noopener">see source</a></p>
<p>Le trio trad Fásta (un mot gaélique qu’on peut traduire par « mature ») brille autant par l’intensité de son élan musical que par le raffinement de ses arrangements et de ses interprétations. Inspiré par les traditions québécoise et irlandaise, qu’il fusionne en préservant leurs spécificités, Fásta fait dans le trad de qualité supérieure. Au violon, au piano, à la voix et à la composition, Sophie Lavoie, originaire du Lac-Saint-Jean, mène la charge avec brio, entourée de son conjoint, l’Irlandais Fiachra O’Regan, maître de la cornemuse irlandaise et du banjo, et du légendaire André Marchand, qui caresse la guitare avec une grâce divine. Sur ce deuxième disque de la formation, chansons, valses et reels québécois et irlandais s’enchaînent sans temps mort et avec fluidité, offrant une expérience musicale saisissante, qui atteint son paroxysme avec une version magnifique et déchirante d’Un Canadien errant, la célèbre complainte d’Antoine Gérin-Lajoie.<br />
<em><strong>Louis Cornellier, La Devoir, 15/01/2016</strong></em></p>
<p>Fásta reprend la chanson Un Canadien errant<br />
Le lancement officiel, présenté par Michel Faubert, aura lieu le 8 janvier 2016 entre 18h et 20h, au CRAPO de Saint-Jean-de-Matha.<br />
Le groupe Fásta, c’est la rencontre rafraîchissante et attachante entre un pilier de la musique traditionnelle au Québec, une jeune violoneuse du Lac-Saint-Jean et un Irlandais multi-instrumentiste qui ont fait de leur nouveau port d’attache la municipalité de Saint-Justin.<br />
Les trois membres du groupe, André Marchand, Sophie Lavoie et Fiachra O’Regan réunissent sur l’album Un Canadien errant des chansons en français et en gaélique, des morceaux traditionnels irlandais et québécois, et des compositions de Sophie.<br />
La célèbre chanson Un Canadien errant, dont plusieurs se rappeleront les versions chantées par Nana Mouskouri et Leonard Cohen, est adaptée pour la première fois au style traditionnel par Sophie Lavoie. L’arrangement de la chanson est typiquement à la Fásta. Un Canadien errant est enchaînée avec le 6/8 “Le souvenir”, une gigue pleine d’émotions, que Sophie a composée pour terminer la chanson.<br />
Lors du lancement de l’album le 8 janvier prochain, André, Sophie et Fiachra seront accompagnés par Daniel Roy et sa bombarde, ainsi que Michel Faubert qui lancera officiellement l’album. (P.O.G)<br />
<em><strong>L’Écho de Maskinongé</strong></em> <a href="http://www.lechodemaskinonge.com/section/2015-12-30/article-4389490/Fasta%26nbsp%3Breprend-la-chanson-Un-Canadien-errant%26nbsp%3B/1" target="_blank" rel="noopener">see source</a></p>

<p>Traditional music without borders Fásta are a trio of musiciens sans frontières who refuse to let the Atlantic sunder their love of their own and one another’s Irish and Québecois musical traditions. Connemara piper Fiachra O’Regan and Québecois fiddler and pianist, Sophie Lavoie, return two years after their last fine collection, Rewind. Now accompanied by&#8230;</p>
<p><a rel="bookmark" class="theme-button-solid-accent wolf-core-button wolf-core-button-size-sm" href="https://grosse-isle.com/fr/articles/"><span>Continue reading</span></a></p>
